2 - 91 + 41 - 52. Let f be n(10). What is p(f)?
-14
Let y(c) = 5*c**2 - 12*c + 5. Suppose 20 = -6*g + 56. Let o(v) = 4*v**2 - 11*v + 5. Let u(i) = g*o(i) - 5*y(i). Determine u(-5).
10
Let l(i) be the third derivative of -i**7/840 - i**6/60 - 7*i**5/120 + i**4/12 + 19*i**3/3 + 14*i**2. Let m(x) be the first derivative of l(x). Calculate m(-5).
12
Let u(s) = -s**3 - 39*s**2 - 60*s + 514. Let g be u(-37). Let o(j) = -j**3 - 2*j**2 - 2*j - 31. What is o(g)?
9
Let o(j) be the third derivative of 5/3*j**3 + 0*j + 32*j**2 + 1/24*j**4 + 0. Determine o(-7).
3
Let c be -3 - 114/(-42) - 1072/(-28). Suppose -c*m + 41*m = 27. Let a(f) = -f**2 + 8*f + 5. Give a(m).
-4
Let x(j) = -12*j - 180. Let k(o) = 4*o + 78. Let w(h) = 12*k(h) + 5*x(h). Calculate w(4).
-12
Let f(p) = -2*p. Let a(l) = -7*l**2 - 49*l - 10. Let m(y) = a(y) - 4*f(y). Let c(w) = 8*w**2 + 49*w + 11. Let x(j) = -5*c(j) - 6*m(j). Give x(0).
5
Suppose -l = -5*l + 24. Let w(j) = 30 + j**2 + 2 + 0 - 4*j - 31. Calculate w(l).
13
Let n(i) = 29839*i - 3*i**2 + 112 - 59685*i + 29841*i. What is n(-7)?
0
Let c(o) = 6*o - 2*o**2 + 11 - 11*o - 5*o + 12 - 12. Suppose 236*n - 243*n - 56 = 0. Calculate c(n).
-37
Let o(b) = 1 + 2*b**3 + 19*b + 7 + 1 + 69*b**2 - 59*b**2. Let y = -15 - -21. Let d(a) = -a**3 - 5*a**2 - 9*a - 4. Let c(j) = y*o(j) + 13*d(j). Determine c(-4).
-2
Let i(l) = -33*l - 114. Let k be i(-4). Let r be 4/k + (-32)/(-18). Let b(t) = 2*t**2 - 1. Calculate b(r).
7
Let k(r) = -44 + 49*r + 47*r + 38*r - 178*r + 49*r. Calculate k(7).
-9
Let z(x) be the second derivative of -x**3/3 - 7*x**2/2 + 2754*x. Let j(n) = -n**2 - 2. Let s be j(2). Calculate z(s).
5
Let u(h) be the first derivative of -2*h**2 + 1/3*h**3 + 15 + 1/4*h**4 + 0*h. Let q = 6 - 9. Give u(q).
-6
Suppose -2*y - 16 = 4*h, 4*h + 24 = 6*y - 4*y. Let x(j) = -25*j**y - 9 + 51*j**2 - 25*j**2 - 7*j. What is x(8)?
-1
Let o(u) = -3161*u - 2552. Let t(d) = -68*d - 55. Let a(n) = -5*o(n) + 232*t(n). Calculate a(-1).
-29
Let h(r) be the first derivative of -r**4/4 - 3*r**3 - 11*r**2/2 - 7*r + 93421. Let d(l) = -l**3 + 6*l**2 - 2*l + 4. Let t be d(6). Calculate h(t).
17
Let u(g) be the second derivative of -g**5/20 - g**4 - g**3/3 + 7*g**2 + 3018*g. What is u(-12)?
38
Let d be (-7)/(-3) - (4 - 5)*(-3)/9. Let m(k) = 1. Let v(z) = -3*z + 7. Let n(g) = 3*m(g) - v(g). Give n(d).
2
Suppose 23*m - 311 = -30*m + 643. Let o(q) = -q**3 + 20*q**2 - 34*q - 36. What is o(m)?
0
Suppose 3*b - 75 - 12 = 0. Let t(f) = 31 + 7*f + b + f**2 - 68. Let i be (-9)/(-2)*(-8)/6. What is t(i)?
-14
Let j(h) = 7*h**2 - 2*h + 1. Let d be j(1). Suppose 111*y - 117*y = -12. Let c(r) = 3 - 5*r - 87*r**2 - 87*r**y + 175*r**2. Calculate c(d).
9
Let h(z) = 5*z - 9. Let n(s) = s. Suppose 0*u - 256 = 4*u. Let p = u - -61. Let f(a) = p*n(a) + h(a). Give f(-8).
-25
Let d(t) = t**3 + 0*t**2 - 5*t**2 + 408*t - 1 - 3 - 817*t + 404*t. Calculate d(6).
2
Let k(a) = 2*a**2 + 4*a - 2 + 2 + 1. Let q(y) = -3*y**3 + 47*y**2 - 30*y - 3. Let m be q(15). Calculate k(m).
7
Let i(p) be the second derivative of -p + 5/6*p**3 + 1/20*p**5 - 3*p**2 + 0 - 1/2*p**4. Suppose 4*g - m - 1 - 27 = 0, -2*g + m = -20. Calculate i(g).
-18
Let o(p) be the first derivative of 5*p**3 - 5*p**2/2 - 5719. Give o(3).
120
Let l(k) = -6*k + 5. Let t = -12606 + 12618. Calculate l(t).
-67
Let g(d) = -5*d - 14. Let v(x) = -6*x - 19. Let p(s) = 6*g(s) - 7*v(s). What is p(-5)?
-11
Suppose 5*y + 8 = 5*w + 2*y, -4*w + 12 = -y. Let d(b) = 5*b**3 + 4*b**2 - 3*b - 9. Let h(z) = -z**3 - 2*z**2 + z + 1. Let x(k) = d(k) + 4*h(k). Calculate x(w).
-1
Let j(d) = 57*d - 186*d + 59*d + 65*d + 7. Give j(5).
-18
Let j(m) = 15*m**3 + 6*m**2 - 6*m + 4. Let d be j(2). Suppose -7*z + 4*z = -393. Let h = d - z. Let w(a) = a**3 - 6*a**2 + 4*a - 4. Give w(h).
-9
Suppose 0*g = -3*w - 5*g - 30, -2*w - 25 = 5*g. Let z(r) = 2*r + 1. Let f(p) = p. Let b(x) = -f(x) + z(x). Give b(w).
-4
Let n(g) be the third derivative of g**4/24 + g**3/6 + 3*g**2 + 37. Suppose -5*u = -25 + 55. What is n(u)?
-5
Let r(y) = 47*y - 5117. Let b be r(109). Let v(h) = -5*h**2 + 30*h - 5. Determine v(b).
-5
Let o(d) = 2*d**2 - 11*d + 5. Let g(k) = -5*k - 5. Let u be g(-2). Let a be o(u). Let r(y) be the first derivative of -y**2/2 - 4*y + 5. Calculate r(a).
-4
Let x be (728/(-416)*6/(-7))/((-3)/6). Let b(d) be the first derivative of d**2/2 + 3*d - 2. Let z(o) = -1. Let v(i) = b(i) - 2*z(i). Determine v(x).
2
Let h(z) = -152 + 68 - z + 66 + 27. Give h(20).
-11
Let x(a) be the first derivative of -a**3 - a - 2. Suppose m + 3 = 0, 5*m = -b + 79 + 39. Let k = 134 - b. Calculate x(k).
-4
Suppose 433 - 1162 = 81*t. Let w(k) be the second derivative of k**4/12 + 3*k**3/2 + 4*k. Give w(t).
0
Let d(b) = b**2 + 42*b - 134. Let c be d(3). Let p(q) = q. Let g(i) = -17*i - 1. Let j(z) = g(z) - 3*p(z). What is j(c)?
-21
Let a(u) be the second derivative of u**6/180 - 13*u**5/120 - 23*u**4/6 - u**3/2 + 175*u. Let l(p) be the third derivative of a(p). What is l(5)?
7
Let h(u) = 2*u**2 - 3*u - 358 + 0*u**2 - 362 + 1094 - 367. Calculate h(2).
9
Let j(n) be the first derivative of -2*n**2 + 45*n - 762. Calculate j(11).
1
Let y(a) = 3*a + 17 + 16*a + 3 - 13*a. Calculate y(-10).
-40
Let v(f) be the second derivative of -f**5/20 + f**4/2 - 7*f**3/6 + 5*f**2/2 - f. Let s = 56967 - 56962. What is v(s)?
-5
Let x(u) = -u**3 + 3*u**2 + 3*u - 5. Let s be x(4). Let c(z) = 7*z**2 + 15*z + 26. Let l(y) = -11*y**2 - 22*y - 39. Let k(q) = -8*c(q) - 5*l(q). What is k(s)?
-4
Let u(f) = f**2 - 2. Let b be u(-2). Let z = 50 + -48. Let t(p) = -7*p + 2 + b - 3 + z. Determine t(3).
-18
Let l(i) be the first derivative of 1/4*i**4 + 3*i**3 + 9/2*i**2 + 10 + 10*i. Let z = -266 - -258. What is l(z)?
2
Let m(f) be the second derivative of -f**5/30 + f**4/3 + f**3/6 + 7*f**2 + 3*f - 9. Let n(w) be the second derivative of m(w). Determine n(-6).
32
Let p(i) be the third derivative of 4/3*i**3 + 0 + 0*i + 5/12*i**4 - 1/60*i**5 + 105*i**2. What is p(11)?
-3
Let y(b) = -212 + 0*b - 213 + 414 - 6*b + 2*b. Determine y(-14).
45
Suppose 116 - 171 = -11*f. Let g(u) = 3 - 9 + 2*u - u**2 - 8*u - f. Calculate g(-7).
-18
Let f(y) be the first derivative of 318 + 1/4*y**4 - 10/3*y**3 + y**2 - y. Calculate f(10).
19
Suppose 5*h - 60 = -5*j, 5*h - 46 = -2*j - 1. Let q(l) be the first derivative of 3 + 4/3*l**3 + 4*l - 1/4*l**4 + 3/2*l**2. What is q(j)?
-6
Suppose 148 = 91*s + 52 - 86. Let h(d) = d - 6. Give h(s).
-4
Suppose -b - 2 = -s - 4*s, 2*b - 5*s + 9 = 0. Let l(i) = -735*i - 42. Let a(g) = 109*g + 6. Let v(n) = -27*a(n) - 4*l(n). Give v(b).
27
Let k(s) = -s**3 + 30*s**2 - 2*s - 38. Let c be k(30). Let u = c - -112. Let m(t) = -2*t**2 + 9*t**3 + t**2 - u*t**3. Calculate m(1).
-6
Let h(c) = -5*c**2 + 4*c + 9. Let k(l) = -3*l**2 + 2*l + 5. Let p(u) = -6*h(u) + 11*k(u). Suppose 0 = -12*s + 19*s - 7. What is p(s)?
-4
Suppose 0 = 1526*f - 1529*f + 6. Suppose -8 = 3*a - 29. Let r(n) = -10*n**2 + 28*n - 22. Let d(j) = 3*j**2 - 9*j + 7. Let b(v) = a*d(v) + f*r(v). Give b(7).
5
Let h(k) = -18*k**2 + 27*k - 10. Let b(m) = 6*m**2 + 2. Let s(n) = -2*b(n) - h(n). What is s(5)?
21
Let z(i) = -15*i + 288. Let y(o) = 37*o - 721. Let w(g) = -6*y(g) - 15*z(g). Let r = -10 - 4. Give w(r).
-36
Let t(d) = d - 1. Let u be 3 - -1 - (-1 + 1). Suppose -u*o - 49 = -11*o. Suppose o*w = w + 42. Give t(w).
6
Let u(g) be the third derivative of g**5/30 - 7*g**4/12 + 7*g**3/6 - 705*g**2. Calculate u(6).
-5
Let t(l) = -70*l - 293. Let y(r) = 29*r + 146. Let q(v) = 2*t(v) + 5*y(v). Determine q(-26).
14
Let f(q) = -1 - 12*q + 3 - q**3 - 11180*q**2 + 11171*q**2. What is f(-7)?
-12
Let y be (-22816)/(-3864) - (-4)/42. Let z(x) = -x**3 + 2*x**2 + 22*x - 1. Determine z(y).
-13
Let c(g) = 7*g**2 + 37*g - 12. Let l = 941 - 946. Let z(f) = 6*f**2 + 31*f - 11. Let t(m) = l*c(m) + 6*z(m). Determine t(2).
0
Let l be (48/(-32))/((-1)/6) + 4. Let g(i) = -7*i**3 - i**2 + i + 9. Let x(t) = 15*t**3 + 3*t**2 - t - 20. Let h(k) = l*g(k) + 6*x(k). What is h(6)?
3
Suppose -3*k + 5*x + 28 = 3*x, -3*k + 3*x = -33. Suppose i - k = -i. Let g(v) = 11*v**2 + 14*v**2 + 6*v**2 - 43*v**2 + 4 - 4*v + 13*v**2. Determine g(i).
1
Suppose 0 = 2*l - 8 + 6. Let y(g) = 1 + 3*g - 12*g + 7*g + 8*g**2. Give y(l).
7
Let z(i) be the second derivative of -7/6*i**3 + 4*i + 0 - 1/2*i**2. Calculate z(-3)